ite number?
False
Let y(w) = 25*w**3 - 3*w**2 - 3*w + 4. Suppose h = 17 - 14. Let c be y(h). Suppose -265 = -o + 3*i + c, i = -2*o + 1830. Is o prime?
False
Suppose -31*g - 94508040 = -115*g - 180*g. Is g a prime number?
False
Let w(s) = -s**3 + 10*s**2 - 9*s + 5. Let h be 8 - 2/4*-2. Let t be w(h). Suppose 2 = 2*j, -6*y + 2*y + t*j = -119. Is y a prime number?
True
Let m = 45112 - 26583. Is m composite?
True
Let k(u) = 112*u - 9. Let a be 85/75 - 4/30. Let p = 15 - a. Is k(p) prime?
True
Let m = 1775672 - 847159. Is m a composite number?
False
Let p be (-8)/3 - -2 - (-88)/24. Suppose p*q = -2013 + 5820. Suppose -q = 5*r - 9814. Is r a composite number?
False
Suppose -6997515 = -4*s - 3*t - 420848, 0 = t - 5. Is s composite?
False
Let f be ((-1)/3)/((-10)/9 - -1). Suppose m + f*u = 6 + 7, -5*u + 15 = 0. Suppose -3*t = 3*x - 1428, -5*x - m*t = -3025 + 642. Is x a prime number?
True
Suppose -7214 = -5*s - 7*s + 10*s. Is s a prime number?
True
Suppose -289*d - 5687941 + 30861442 + 19182508 = 0. Is d prime?
False
Let q = 930 - 588. Let d(c) = -c**3 + 5*c**2 - 21*c + 38. Let k be d(6). Let h = k + q. Is h a composite number?
True
Let c(o) = -1200*o - 2359. Is c(-17) prime?
True
Suppose -2*k + 3933896 - 1130675 = -5*c, -7008105 = -5*k + 2*c. Is k composite?
False
Let c(m) = m**3 - 13*m**2 - 15*m + 19. Let l be c(14). Suppose 15 = 2*t + l. Suppose 5*x - 2*x - 457 = -2*k, -3*x + 485 = -t*k. Is x composite?
True
Suppose -6*a - 578063 = -87*a - 29450. Is a a composite number?
True
Let g(a) = -a**2 + 6*a + 7. Let r be g(7). Suppose 7 = 3*q - 3*s + 931, r = s + 2. Let j = 543 + q. Is j a prime number?
True
Suppose 3*b - 3*p + 4362 = 0, -5*b + 2*p + 1760 = 9027. Suppose -4*l - 3299 = -4*j + 8765, 5*l - 3*j = -15072. Let i = b - l. Is i a prime number?
True
Let d(n) = -6 - 6 + n**3 - 4*n - 70*n**2 + 60*n**2. Let t be d(11). Suppose 5*r + 2*u - t - 116 = 0, u - 108 = -3*r. Is r a composite number?
True
Is ((-2)/14)/((-25)/121003925) a prime number?
True
Let b(d) = 38*d**2 + 320*d - 43. Is b(-42) a composite number?
False
Let z be (7/3 - -4)*3. Let r be (1482 - z) + (-1 - -3). Suppose 0 = -31*f + 36*f - r. Is f a composite number?
False
Suppose -5*q = -13*q + 22384. Let r = -1857 + q. Is r a composite number?
False
Is (-8)/(-20) + 53959122/270 a prime number?
False
Let g(p) = -733*p - 4. Let n be g(-2). Let x = n - 2182. Let b = x + 1621. Is b a prime number?
False
Let a(i) = -121*i + 15. Let c(d) = -122*d + 17. Let k(x) = 6*a(x) - 5*c(x). Is k(-12) a composite number?
True
Let a be (-80)/(-36) + -2 - 55123/(-9). Let n = 990 + a. Is n a composite number?
True
Suppose -2955 = 5*v - 245. Let d = v + 673. Is d a prime number?
True
Suppose -55*u + 57*u = 3924. Suppose 7*o - 11223 = -u. Suppose -6*t + o + 5367 = 0. Is t prime?
False
Suppose -4*o - 4*o + 16 = 0, -5*o - 608415 = -5*b. Is b composite?
True
Suppose 60*g = 63*g + 12. Is g/(-6) + (-38045)/(-15) + -6 prime?
True
Let n(s) = -4*s + 20*s - 50 + 51 + 14*s. Let l = -5 - -23. Is n(l) prime?
True
Let l(y) = 3375*y + 166. Let i be l(5). Let m = -9638 + i. Is m prime?
False
Let j be (50/(-100))/(0 - (-1)/(-4954)). Suppose 41 + j = 2*b. Is b prime?
True
Suppose 31*a + 144 - 20 = 0. Is (79/a)/((-27)/1188) a composite number?
True
Let w(i) = 1285*i**3 - 4*i**2 + 2*i + 7. Is w(6) composite?
True
Let k be ((-1)/3)/((-1)/174). Let g = -65 + k. Let i(m) = 2*m**2 + 10*m - 15. Is i(g) composite?
False
Let v = -42 + 44. Suppose 0 = -4*p + 12, r + v*r = 3*p + 8628. Is r a prime number?
True
Let x = 3121710 + 152341. Is x a composite number?
True
Suppose 0 = -133*d + 123*d + 3260. Let y be -1*1*-1 + 5. Suppose -y*q + 4*q + d = 0. Is q a prime number?
True
Let f(n) = -3*n**2 - 23*n - 10. Let k(s) = 4*s + 25. Let q be k(-8). Let d be f(q). Is ((-2004)/18)/(d/(-6)) a prime number?
True
Suppose l + 2*k = -14, l - 1 = 2*k - 11. Let h be -1371*2/l*2. Suppose q = t - 351, -3*q - 951 = -4*t + h. Is t composite?
True
Suppose 0 = -9*n - 44 - 64. Let o be (-16)/n*6/4. Suppose 5*p = o*m + 2837 - 120, -1106 = -2*p - 4*m. Is p prime?
False
Let d(p) = -3*p**3 - 22*p**2 + 11*p + 49. Let k(y) = -5*y**3 - 45*y**2 + 23*y + 99. Let h(v) = 7*d(v) - 4*k(v). Is h(23) a composite number?
True
Let u be (20/15)/((4/(-6))/2). Let l(z) = 106*z**2 + 4*z - 7. Let f be l(u). Suppose -10*b + 9*b + f = 0. Is b a composite number?
True
Let a(t) = t**3 + t**2 - 7*t + 14401. Suppose 76 - 76 = 2*h. Is a(h) a prime number?
True
Let v = 886 + -883. Let z(x) = x**3 - 3*x**2 - 2*x - 2. Let g be z(4). Is (v/g*3)/((-36)/(-26088)) a prime number?
True
Suppose -142*o + 4760077 = -4140909. Is o composite?
False
Suppose -39*g - 11510674 = -109*g + 56*g. Is g prime?
True
Let h be ((-1)/2)/((-1)/(-6)). Is (h/(-9))/(7/7917) composite?
True
Let v(k) = k**2 + 9*k + 12. Let j be v(-9). Let o(r) = 21 + 28 + 9*r - 26 + 2*r**2. Is o(j) composite?
False
Suppose -41*h + 5*s + 188918 = -37*h, 0 = -h + 6*s + 47201. Is h prime?
True
Let m be 4/10 + 38/(-95). Suppose 6*c - 10 - 8 = m. Is (55/15)/(c/387) a prime number?
False
Let q(p) = -4316*p + 70. Let a be q(-6). Let f = -14189 + a. Is f a prime number?
True
Let t be (4/6)/(7/21). Let p(g) = -2 - 5*g + 4*g**t - 1 - 6*g. Is p(10) composite?
True
Let t = 13 - -29. Suppose -t*w + 2779 = -35*w. Is w composite?
False
Suppose 10*g - 4*g + 24 = 0. Let u(s) = -101*s**3 + 7*s**2 + 15*s + 23. Is u(g) composite?
True
Is (3 + -2 + -5 + -1 - -194971) + -1 a composite number?
True
Suppose 4*n = -5*n. Suppose -f + g + 405 - 46 = n, 0 = 5*f - 3*g - 1805. Suppose f = 2*m - 54. Is m a prime number?
False
Let r(h) = -h**2 + 8. Let s be r(-3). Let t be (-3)/(s/(2 - 1)). Suppose t*p = 3*x + 2*x + 2078, -3*p + 2098 = -x. Is p a composite number?
False
Let j(c) be the third derivative of 17*c**5/60 - c**4/12 + 7*c**3/6 + 2*c**2. Let a be j(-11). Suppose 0 = q - a - 41. Is q a composite number?
True
Let o(a) = -65*a - 57. Suppose -4*u + 38 = -2*w, -5*w + 5*u + 0*u - 95 = 0. Let n be o(w). Let b = n - 697. Is b a composite number?
True
Let o(b) = -b + 17. Let s be o(5). Suppose 10*t = s*t - 8. Suppose t*c - 88 = 124. Is c prime?
True
Let r(a) = -126*a - 13. Suppose 0 = 7*u - 4 + 32. Let i be r(u). Suppose 4*g - i = 65. Is g a composite number?
False
Let b = 8 - 12. Let p be (-1)/b - -3*(-4)/48. Is (p - -2)/(12/1542) a prime number?
True
Let c(n) = -5560*n + 2073. Is c(-17) a prime number?
False
Let a = -71344 - -164573. Is a composite?
False
Suppose -2*a = 3*v - 273555, 91181 = v - 33*a + 35*a. Is v a prime number?
False
Let i be 1 + ((-4)/12 - (-158952)/9). Suppose -2*q = -4*p - 3924 - i, p - 54009 = -5*q. Is q prime?
False
Let h = 281290 - 129267. Is h a prime number?
False
Let d be (-111)/(-1)*1/3. Let s = -34 + d. Suppose s*v - 2231 = 895. Is v prime?
False
Is ((-12)/30)/(5/(237550/(-6)))*3 a prime number?
False
Let i(v) be the first derivative of -v**4/4 - 2*v**3/3 + v**2 - 5. Let t be i(-3). Suppose -t*q - 3*y + 1872 = -4*y, 2489 = 4*q + y. Is q prime?
False
Let h = 342 - 341. Is (59 + -58)/((h/(-28687))/(-1)) prime?
True
Suppose -2*g + 358162 = -5*d, -g = 914*d - 915*d - 179075. Is g a composite number?
True
Suppose -25*t + 16 = -4*c - 22*t, 0 = 2*c - 2*t + 10. Is (30702/84)/(c/2 + 1) a prime number?
False
Suppose -4*h + t - 1390936 = 3*t, -2*t + 695480 = -2*h. Is (h/10)/(-12) + 4/(-5) a composite number?
False
Is (-29)/(9*17/(-1886337)) a prime number?
False
Let d be -6684 - (18/(-15) + (-12)/15). Let n = 10936 + d. Suppose 3*u = -0*u + n. Is u composite?
True
Let s(x) = 11*x + 4. Let u be s(0). Suppose 25999 = 2*y - 3*p, 2*y - u*y = -2*p - 26000. Is y prime?
True
Let l be -2565 - (-4 + (-77)/(-7)). Let u = -1295 - l. Is u prime?
True
Suppose 0 = 17*r - 8892967 + 2876073 - 11046159. Is r prime?
False
Let m = 2540 - 895. Suppose m = n - 1308. Let d = -1592 + n. Is d a prime number?
True
Let k = 29430 + -9947. Suppose 4*v + 15*r - k = 14*r, 0 = -5*r - 5. Is v a prime number?
True
Let v be ((-2)/8)/((-2)/8). Let a = 0 + v. Let b(o) = 205*o**2 - 3*o + 3. Is b(a) prime?
False
Suppose -3*f + 4*l = 30, 3*f - 3*l + 15 = -12. Let s(u) = 6*u + 40. Let v be s(f). Suppose 3*d + 4 = d, -1750 = -v*z + d. Is z prime?
False
Let u(l) = 136*l**2 + 47*l + 224. Let y be u(-5). Suppose 2*c - m = y, 5*m = 2*c + 9*m - 3374. Is c composite?
False
Let s = -33 + 37. Supp